 15 - 8. Let q be (2 - 2) + -1 + p. Let h(j) = j**3 - 5*j**2 - 6*j + 4. Give h(q).
4
Let h(z) be the first derivative of 2 + 1/2*z**2 + 9/4*z**4 + 0*z**3 + z. Let j = 9 + -10. Determine h(j).
-9
Let h be (-10)/14 + 4/(-14). Let y(v) = 19*v - 1. Give y(h).
-20
Let y(a) be the first derivative of 5*a**3/3 + a + 10. What is y(1)?
6
Let v(p) = -p**2 + 2*p + 9. Let t(y) = -1. Let m(x) = -6*t(x) - v(x). What is m(-2)?
5
Let l = 5 + -17. Let j(v) = v**2 + 13*v + 7. Let h be j(l). Let d(f) = -f**2 - 4*f + 5. Calculate d(h).
0
Let u(j) = -j**3 + 9*j**2 - 9*j + 10. Let m be u(8). Let p(c) = -2*c - 3*c - 10*c**m + 9*c**2 + 6*c. Give p(2).
-2
Let y(r) = 3*r**2 - 3 - 5*r**2 + 3*r**2 - 3*r. Let a(o) = -3*o - 11. Let q be a(-9). Suppose -3*h = -7*h + q. Determine y(h).
1
Suppose 4*v - 29 = 63. Suppose -j = j + 10, -3*q + 4*j + v = 0. Let w(g) = -9*g + 4. Let i(s) = 8*s - 3. Let x(b) = 3*i(b) + 2*w(b). What is x(q)?
5
Let w(q) be the first derivative of q**3/3 - q**2 + 1. Let z = 4 + -2. Give w(z).
0
Let h be -1 - (-6)/(-2)*-1. Let g(l) = -2 - 3*l - 2*l**h + 2. Let m = 0 - 2. Give g(m).
-2
Let b(o) = 29 - 34 - 3*o + o. What is b(-5)?
5
Let n(p) = 15*p**3 - p + 5*p**2 - 2 - 5 - 14*p**3. What is n(-5)?
-2
Let o(n) = -3*n**2 + 3*n - 2*n - n**3 - 2*n + 3*n. Determine o(-4).
8
Let i = 12 - 10. Suppose p + 3 = 2*p. Let l(f) = i*f**2 + 4*f**3 - 3*f**p + 5 + 4*f**2 + 5*f. Determine l(-5).
5
Let v(p) be the third derivative of 3*p**5/20 - 11*p**2. What is v(1)?
9
Let d(g) = 11*g**3 - 7*g**2 - 11*g + 23. Let p(r) = -4*r**3 + 2*r**2 + 4*r - 8. Let z(b) = 3*d(b) + 8*p(b). What is z(5)?
0
Suppose -10 = -2*k - 12. Let g(n) = -11*n**2 - n. Give g(k).
-10
Let c be 0 - (6 - 2)*-1. Let j(a) = -3*a + c - 2 + 3*a**2 - 2*a**2 - 2*a**2. Let p be j(-4). Let f(r) = -r**2 + 2*r + 3. Determine f(p).
-5
Let f(c) = -c**3 + 5*c**2 + c - 1. Let o be (-3 - (-15)/6)*-8. Suppose -s - 15 = -o*s. Give f(s).
4
Let k(c) = -2 - 3*c + 4*c - 3*c - c**3 - 2*c - 4*c**2. Let z be k(-2). Let m(h) = -h**3 - 2*h**2 - 2*h - 1. Calculate m(z).
3
Let d(p) be the first derivative of 2*p**2 - 16*p - 4. Let l(o) = -o + 1. Let z(f) = d(f) + 5*l(f). Determine z(-5).
-6
Let i be (-4)/(-24) + (-2)/12. Let m(z) = -7*z + 3. Let o(w) = 3*w - 2. Let r(t) = -2*m(t) - 5*o(t). Determine r(i).
4
Let u(w) be the second derivative of 11*w**4/12 + w**3/3 - w**2/2 + 16*w. Determine u(1).
12
Let v(z) = -2*z + 3 - 2 + 3*z + 0. Calculate v(-2).
-1
Suppose 16*o - 4 - 76 = 0. Let k(j) = 4*j**3 - 2*j**2 - 2*j + 2. Suppose 2*z - 15 = -3*z. Let q(h) = -h**3 - h**2 + h - 1. Let m(g) = z*q(g) + k(g). Give m(o).
4
Let n(j) = -j - 1. Let v(y) = 4*y - 1. Let o(r) = -5*n(r) - v(r). Let c(d) = d**2 + 11*d + 1. Let g be c(-10). Let q be ((-27)/g)/((-2)/2). Give o(q).
3
Let x be ((-3)/(-6))/(-1 + 11/10). Let v(j) = -j - 2. Calculate v(x).
-7
Let t(s) = s**3 - 7*s**2 + 3*s + 8. Let a be 2*(84/(-8))/(-7). Let y = a - -3. Give t(y).
-10
Let d(j) be the second derivative of -j**5/20 - j**4/2 - j**3 - 5*j**2/2 - 19*j. Calculate d(-5).
0
Let w(m) = m**2. Let h(b) = b**2 - 1. Let r(o) = -h(o) + 2*w(o). Let g be 2/(-12) + (-132)/72. Give r(g).
5
Let p(n) = -n**2 - n - 10. Let h(v) = v**3 - 6*v**2. Let i be h(6). Give p(i).
-10
Let u be -4*((-54)/4)/3. Let q(n) = 5 + 0*n + u*n - 3*n + 5*n**2. Let y(r) = -r**2 - 4*r - 1. Let w(l) = 2*q(l) + 9*y(l). Calculate w(4).
-7
Let f(q) = q**3 + 6*q**2 - q - 6. Suppose -3*y = -5*b - 7*y + 12, 0 = 3*b + 3*y - 9. Suppose -v - 4 - 2 = b. What is f(v)?
0
Suppose 4*g = -4*x + 26 + 2, 26 = 2*x + 5*g. Let b = x + -1. Let r(t) = 0*t**2 - t + 4 - t**2 - 2 + 0*t**2. What is r(b)?
-4
Suppose 0*z = 5*z - 20. Suppose 0*f = 2*f + d - 5, 3*f - d = -5. Suppose f*j = -z*j. Let k(m) = -m**2 - m - 6. What is k(j)?
-6
Suppose 0*h - 3*k = 2*h - 7, -5*k - 31 = -2*h. Let t be h/36 + 34/9. Let v = 0 + t. Let p(q) = q**3 - 6*q**2 + 5*q + 4. What is p(v)?
-8
Let q(w) be the second derivative of w**4/12 - 4*w**3/3 + 9*w**2/2 - 9*w. Determine q(6).
-3
Let g(i) be the second derivative of -1/8*i**4 + 2*i + i**2 - 1/6*i**3 + 0. Let c(q) be the first derivative of g(q). What is c(3)?
-10
Let q(i) = i - 6*i - 2 + 4*i - 2*i. What is q(-3)?
7
Let k(y) be the second derivative of -y**6/120 - y**5/12 + y**4/4 - 7*y**3/6 - 5*y**2/2 - 5*y. Let q(g) be the first derivative of k(g). Give q(-6).
-7
Let m(z) be the third derivative of -z**6/120 + z**5/20 + z**4/12 + z**3/3 - 6*z**2. Give m(3).
8
Let a(y) = y**3 + 3*y**2 + 3*y + 1. Let h(d) = 2*d**3 + 4*d**2 + 4*d + 1. Let n(b) = -4*a(b) + 3*h(b). Determine n(-2).
-17
Let n(l) = l + 11. Let k(i) = 5. Let g(a) = -5*k(a) + 2*n(a). Let v be (0 + 0)/(0 + -2). Suppose 3 + 12 = 3*w - 2*r, v = -3*r. Give g(w).
7
Let n be (-2)/(-10) + 18/10. Let i = 5 - n. Suppose -v - r = i, -2*r + 14 = 2*v - 5*r. Let c(s) = -3*s**3 + s. Determine c(v).
-2
Let a(y) = y + 1. Let z(c) = -5*c + 13. Let t(q) = -4*a(q) - z(q). Calculate t(0).
-17
Suppose 2*i + 2*p - 8 = 0, -1 + 3 = 3*i - 2*p. Let x(a) = a**2 - a - 1. What is x(i)?
1
Let c(n) be the third derivative of -n**6/120 + 2*n**5/15 - 3*n**4/8 + n**3/2 + 24*n**2. Calculate c(6).
21
Let r(t) = 26*t + 32*t + 35*t - 94*t. Let s = 13 - 8. Give r(s).
-5
Suppose 4 - 1 = 4*r + 3*m, -r + 5*m = 5. Let j(z) be the second derivative of 1/20*z**5 + r + 0*z**4 + z - 1/3*z**3 - 1/2*z**2. Give j(-1).
0
Suppose 0 = 4*o + 3*a - 1, 2*o = -4*a - 0*a - 12. Suppose -p = p - o. Let w(x) = -1 - x**p + 2*x + 0*x + 2*x**2. Give w(-4).
7
Let j(a) = 4*a**3 + 3*a**2 + 8*a + 3. Let f(w) = -w**3 - w. Let y(d) = 5*f(d) + j(d). Give y(4).
-1
Let m(n) = 24*n - 6 + 15*n + 1 - 38*n. Give m(4).
-1
Suppose -2*o - 16 = 2*o. Let n(w) = -w**3 - 3*w**2 + 5*w - 1. Let s be n(o). Let x(d) = -3 - 4*d + 0 - d**2 + 5. Give x(s).
-3
Let z(c) be the first derivative of c**3/3 + 5*c**2/2 + 2*c + 1. Let d(q) = q - 3. Let h be d(6). Suppose h*f - 7*f - 16 = 0. What is z(f)?
-2
Let f(u) = 6*u**2 - 25*u - 41. Let r(n) = -n**2 + 5*n + 8. Let i(z) = 2*f(z) + 11*r(z). Calculate i(-4).
2
Let f = 4 - 3. Let u be 15/(4 - 1) - f. Let b(l) = -l**3 - l**2 + l + 1. Let d(c) = -3*c**3 - 8*c**2 + 5*c + 6. Let r(k) = 4*b(k) - d(k). What is r(u)?
-6
Let c be 10/4*20/25. Let z(s) = -3 + s + c + 2. Suppose -g = 4*g - 4*u + 4, u = -4*g - 20. Give z(g).
-3
Let o(r) be the first derivative of r**5/120 - r**4/3 + 2*r**3/3 - 6. Let c(z) be the third derivative of o(z). Determine c(5).
-3
Let d(a) = 0*a - a - 7 + 1. Suppose -5*b = 21 + 4. Give d(b).
-1
Let c(j) = -7*j - 19. Let h = 11 + -5. Let m(g) = -2*g - 5. Let z(q) = h*c(q) - 22*m(q). Suppose -4*x + 3 + 13 = 0. Determine z(x).
4
Let u(y) = -y - 2*y**2 + 3*y**2 + 0*y**2 - 1. What is u(4)?
11
Let w(v) = -4*v - 6. Let y(g) = -1. Let t(i) = -2*w(i) + 12*y(i). What is t(-1)?
-8
Suppose 0 = 5*q - 15 + 5. Let x(g) = 175*g - 174*g - 1 + 2. What is x(q)?
3
Let h(m) be the second derivative of -5/12*m**4 + 2/3*m**3 + 0 + 0*m**2 - 2*m + 1/20*m**5. Suppose -7 + 43 = 9*l. Calculate h(l).
0
Let x(g) = -3 + 3 + 2 - 1. Let m(q) = -2*q + 4. Let a(n) = m(n) - 10*x(n). Give a(-4).
2
Let m(q) = -q + 9. Let b be m(7). Let v(o) = -3*o - 1. Calculate v(b).
-7
Let u be (1 - 7/4)/(3/(-12)). Let f(y) = 2*y**2 - 2*y - 2. Calculate f(u).
10
Let h(a) be the first derivative of a**4/4 - 2*a**3/3 - 3*a**2/2 - a + 5. What is h(-2)?
-11
Let y be 10/(-25) + (-24)/(-10). Let t be (-3)/(-6) - (-7)/y. Suppose -t*f + f = -15. Let j(p) = p**3 - 6*p**2 + 5*p - 6. Calculate j(f).
-6
Let w = 13 - 11. Let q(t) = -t + w*t + 4 + 0 + 2. Suppose 0 = 2*j + 3 + 3. Determine q(j).
3
Let w(x) = -x**3 - 5*x**2 + 6. Let m(h) = -h**2 + 9*h - 10. Let i be m(7). Let q = 9 - i. Suppose -3*b - 3*d - 20 = b, b = 3*d - q. What is w(b)?
6
Let v(z) be the second derivative of -z**3/6 + 4*z**2 - 2*z. Give v(7).
1
Let z(p) be the second derivative of -p**7/2520 + p**6/360 - p**5/60 + p**4/12 - 2*p. Let i(d) be the third derivative of z(d). Calculate i(2).
-2
Let o(a) = a**3 - 7*a**2 + 7*a - 10. Let g(p) = -2*p**3 + 15*p**2 - 15*p + 20. Let d(x) = -3*g(x) - 5*o(x). What is d(9)?
-1
Let h(p) = 4*p**3 + 8*p**2 - 2*p - 9. Let f(u) = -3*u**3 - 5*u**2 + u + 6. Let k(n) = 7*f(n) + 5*h(n). What is k(4)?
1
Let f(c) = -c**3 - 4*c**2 - 2*c - 4. Suppose 4*n - 3*n = 1. Let w = n - -1. Suppose v = -6 + w. Give f(v).
4
Suppose 0*l + l = 2*j - 13, -9 = -3*j + 5*l. Supp